{"id":164,"date":"2019-07-19T13:18:06","date_gmt":"2019-07-19T11:18:06","guid":{"rendered":"http:\/\/umtykocin.pl\/inwestor\/?page_id=164"},"modified":"2020-03-03T10:59:38","modified_gmt":"2020-03-03T09:59:38","slug":"plan-zagospodarowania-przestrzennego","status":"publish","type":"page","link":"http:\/\/umtykocin.pl\/inwestor\/plan-zagospodarowania-przestrzennego\/","title":{"rendered":"Plan zagospodarowania przestrzennego"},"content":{"rendered":"<p>[et_pb_section fb_built=&#8221;1&#8243; admin_label=&#8221;Pierwszy baner&#8221; module_class=&#8221;high-contrast&#8221; _builder_version=&#8221;3.26.1&#8243; custom_margin=&#8221;|||&#8221; custom_padding=&#8221;0px|0px||0px||&#8221; collapsed=&#8221;on&#8221;][et_pb_row _builder_version=&#8221;3.25.2&#8243; width=&#8221;100%&#8221; module_alignment=&#8221;center&#8221; custom_margin=&#8221;|0px||0px&#8221;][et_pb_column type=&#8221;4_4&#8243; _builder_version=&#8221;3.25.2&#8243; custom_padding=&#8221;0px|0px|0px|0px&#8221;][et_pb_slider show_arrows=&#8221;off&#8221; use_bg_overlay=&#8221;off&#8221; use_text_overlay=&#8221;off&#8221; dot_nav_custom_color=&#8221;#ae4682&#8243; admin_label=&#8221;Banery&#8221; _builder_version=&#8221;3.26.1&#8243; height=&#8221;250px&#8221; custom_margin=&#8221;|0px||0px&#8221; auto=&#8221;on&#8221;][et_pb_slide url_new_window=&#8221;on&#8221; _builder_version=&#8221;3.25.2&#8243; header_font=&#8221;||||||||&#8221; header_font_size=&#8221;30px&#8221; background_image=&#8221;http:\/\/umtykocin.pl\/inwestor\/wp-content\/uploads\/sites\/5\/2019\/06\/baner_1100x250px_2.jpg&#8221; custom_padding=&#8221;125px||&#8221;][\/et_pb_slide][et_pb_slide _builder_version=&#8221;3.25.2&#8243; background_image=&#8221;http:\/\/umtykocin.pl\/inwestor\/wp-content\/uploads\/sites\/5\/2019\/06\/baner_1100x250px_1.jpg&#8221;][\/et_pb_slide][\/et_pb_slider][\/et_pb_column][\/et_pb_row][\/et_pb_section][et_pb_section fb_built=&#8221;1&#8243; admin_label=&#8221;Sekcja g\u0142\u00f3wna&#8221; module_class=&#8221;high-contrast&#8221; _builder_version=&#8221;3.26.1&#8243; collapsed=&#8221;off&#8221;][et_pb_row column_structure=&#8221;2_3,1_3&#8243; _builder_version=&#8221;3.25.3&#8243;][et_pb_column type=&#8221;2_3&#8243; _builder_version=&#8221;3.25.3&#8243;][et_pb_text admin_label=&#8221;Przyk\u0142adowy nag\u0142\u00f3wek&#8221; _builder_version=&#8221;3.27.4&#8243; text_font=&#8221;Lato||||||||&#8221; text_font_size=&#8221;1.6em&#8221; text_line_height=&#8221;1.6em&#8221; header_font=&#8221;||||||||&#8221;]<\/p>\n<p style=\"text-align: center;\"><strong>Przyk\u0142adowy nag\u0142\u00f3wek<\/strong><\/p>\n<p>[\/et_pb_text][et_pb_divider color=&#8221;#f07d00&#8243; divider_weight=&#8221;3px&#8221; _builder_version=&#8221;3.26.1&#8243;][\/et_pb_divider][et_pb_text admin_label=&#8221;Przyk\u0142adowy tekst&#8221; _builder_version=&#8221;3.27.4&#8243; text_font=&#8221;Lato|300|||||||&#8221; text_font_size=&#8221;1.5em&#8221; text_line_height=&#8221;3em&#8221; text_orientation=&#8221;justify&#8221; text_text_align=&#8221;justify&#8221;]<\/p>\n<p>Napis napisany przez napisanego pisarza.<\/p>\n<p>[\/et_pb_text][et_pb_divider color=&#8221;#f07d00&#8243; divider_weight=&#8221;3px&#8221; _builder_version=&#8221;3.26.1&#8243;][\/et_pb_divider][\/et_pb_column][et_pb_column type=&#8221;1_3&#8243; _builder_version=&#8221;3.25.2&#8243;][et_pb_sidebar orientation=&#8221;right&#8221; show_border=&#8221;off&#8221; _builder_version=&#8221;3.25.3&#8243; header_font=&#8221;|700|||||||&#8221; header_font_size=&#8221;1.4em&#8221; text_orientation=&#8221;left&#8221;][\/et_pb_sidebar][\/et_pb_column][\/et_pb_row][\/et_pb_section][et_pb_section fb_built=&#8221;1&#8243; admin_label=&#8221;Log\u00f3wki partnerzy&#8221; module_class=&#8221;high-contrast&#8221; _builder_version=&#8221;3.26.1&#8243; custom_padding=&#8221;0px|||||&#8221; collapsed=&#8221;on&#8221;][et_pb_row _builder_version=&#8221;3.25.2&#8243; width=&#8221;100%&#8221;][et_pb_column type=&#8221;4_4&#8243; _builder_version=&#8221;3.25.2&#8243;][et_pb_code _builder_version=&#8221;3.25.2&#8243;]\n\t\t<style>\n\t\t\t#wpls-logo-showcase-slider-1 .wpls-fix-box,\n\t\t\t#wpls-logo-showcase-slider-1 .wpls-fix-box img.wp-post-image{max-height:250px; }\n\t\t<\/style>\n\n\t\t<div class=\"wpls-wrap wpls-logo-showcase-slider-wrp wpls-logo-clearfix wpls-design-1 \" data-conf=\"{&quot;slides_column&quot;:&quot;4&quot;,&quot;slides_scroll&quot;:1,&quot;dots&quot;:&quot;false&quot;,&quot;arrows&quot;:&quot;false&quot;,&quot;autoplay&quot;:&quot;true&quot;,&quot;autoplay_interval&quot;:&quot;2000&quot;,&quot;loop&quot;:&quot;true&quot;,&quot;rtl&quot;:&quot;false&quot;,&quot;speed&quot;:800,&quot;center_mode&quot;:&quot;false&quot;,&quot;lazyload&quot;:&quot;&quot;}\">\n\t\t\t<div class=\"wpls-logo-showcase logo_showcase wpls-logo-slider  sliderimage_hide_border wpls-dots-false\" id=\"wpls-logo-showcase-slider-1\" >\n\t\t\t\t<div class=\"wpls-logo-cnt\">\n\t<div class=\"wpls-fix-box\">\n\t\t\t\t<a href=\"https:\/\/www.bialystok.uw.gov.pl\/Wojewoda\" target=\"_self\">\n\t\t\t<img decoding=\"async\" class=\"wp-post-image\"  src=\"http:\/\/umtykocin.pl\/inwestor\/wp-content\/uploads\/sites\/5\/2019\/06\/logo_wojewoda_podlaski.jpg\" alt=\"Grafika przedstawia zielon\u0105 kresk\u0119 oraz br\u0105zowego \u017cubra\" \/>\n\t\t<\/a>\n\t\t\t<\/div>\n\t<\/div><div class=\"wpls-logo-cnt\">\n\t<div class=\"wpls-fix-box\">\n\t\t\t\t<a href=\"http:\/\/www.powiatbialostocki.pl\/\" target=\"_self\">\n\t\t\t<img decoding=\"async\" class=\"wp-post-image\"  src=\"http:\/\/umtykocin.pl\/inwestor\/wp-content\/uploads\/sites\/5\/2019\/06\/logo_powiat_bialostocki.jpg\" alt=\"Grafika god\u0142o w kolorze czerwonym i pomara\u0144czowym. Na czerwonym tle widnieje bia\u0142y orze\u0142. Na pomara\u0144czowym tle widzimy \u0142osia\" \/>\n\t\t<\/a>\n\t\t\t<\/div>\n\t<\/div><div class=\"wpls-logo-cnt\">\n\t<div class=\"wpls-fix-box\">\n\t\t\t\t<a href=\"https:\/\/www.facebook.com\/wojpodlaskie\/\" target=\"_self\">\n\t\t\t<img decoding=\"async\" class=\"wp-post-image\"  src=\"http:\/\/umtykocin.pl\/inwestor\/wp-content\/uploads\/sites\/5\/2019\/06\/logo_wrota_podlasia.jpg\" alt=\"Grafika przedstawia napis Wrota Podlasia oraz \u017cubra wykonanego z r\u00f3\u017cnokolorowych pikseli.\" \/>\n\t\t<\/a>\n\t\t\t<\/div>\n\t<\/div><div class=\"wpls-logo-cnt\">\n\t<div class=\"wpls-fix-box\">\n\t\t\t\t<a href=\"http:\/\/greenvelo.pl\/\" target=\"_self\">\n\t\t\t<img decoding=\"async\" class=\"wp-post-image\"  src=\"http:\/\/umtykocin.pl\/inwestor\/wp-content\/uploads\/sites\/5\/2019\/06\/logo_green_velo.jpg\" alt=\"Grafika przedstawia logo Green Velo. Logo sk\u0142ada si\u0119 z napisu Green Velo oraz \u0142a\u0144cucha rowerowego w r\u00f3\u017cnych kolorach\" \/>\n\t\t<\/a>\n\t\t\t<\/div>\n\t<\/div><div class=\"wpls-logo-cnt\">\n\t<div class=\"wpls-fix-box\">\n\t\t\t\t<a href=\"https:\/\/epuap.gov.pl\/\" target=\"_self\">\n\t\t\t<img decoding=\"async\" class=\"wp-post-image\"  src=\"http:\/\/umtykocin.pl\/inwestor\/wp-content\/uploads\/sites\/5\/2019\/06\/logo_epuap.jpg\" alt=\"Grafika przedstawia niebieski napis ePUAP\" \/>\n\t\t<\/a>\n\t\t\t<\/div>\n\t<\/div><div class=\"wpls-logo-cnt\">\n\t<div class=\"wpls-fix-box\">\n\t\t\t\t<img decoding=\"async\" class=\"wp-post-image\"  src=\"http:\/\/umtykocin.pl\/inwestor\/wp-content\/uploads\/sites\/5\/2019\/06\/logo_burmistrz_tykocina.jpg\" alt=\"Grafika przedstawia napis Burmistrz Tykocina oraz podobizn\u0119 byka.\" \/>\n\t\t\t<\/div>\n\t<\/div>\t\t\t<\/div>\n\t\t<\/div>\n\n\t\t[\/et_pb_code][\/et_pb_column][\/et_pb_row][\/et_pb_section]<\/p>\n","protected":false},"excerpt":{"rendered":"<p>[et_pb_section fb_built=&#8221;1&#8243; admin_label=&#8221;Pierwszy baner&#8221; module_class=&#8221;high-contrast&#8221; _builder_version=&#8221;3.26.1&#8243; custom_margin=&#8221;|||&#8221; custom_padding=&#8221;0px|0px||0px||&#8221; collapsed=&#8221;on&#8221;][et_pb_row _builder_version=&#8221;3.25.2&#8243; width=&#8221;100%&#8221; module_alignment=&#8221;center&#8221; custom_margin=&#8221;|0px||0px&#8221;][et_pb_column type=&#8221;4_4&#8243; _builder_version=&#8221;3.25.2&#8243; custom_padding=&#8221;0px|0px|0px|0px&#8221;][et_pb_slider show_arrows=&#8221;off&#8221; use_bg_overlay=&#8221;off&#8221; use_text_overlay=&#8221;off&#8221; dot_nav_custom_color=&#8221;#ae4682&#8243; admin_label=&#8221;Banery&#8221; _builder_version=&#8221;3.26.1&#8243; height=&#8221;250px&#8221; custom_margin=&#8221;|0px||0px&#8221; auto=&#8221;on&#8221;][et_pb_slide url_new_window=&#8221;on&#8221; _builder_version=&#8221;3.25.2&#8243; header_font=&#8221;||||||||&#8221; header_font_size=&#8221;30px&#8221; background_image=&#8221;http:\/\/umtykocin.pl\/inwestor\/wp-content\/uploads\/sites\/5\/2019\/06\/baner_1100x250px_2.jpg&#8221; custom_padding=&#8221;125px||&#8221;][\/et_pb_slide][et_pb_slide _builder_version=&#8221;3.25.2&#8243; background_image=&#8221;http:\/\/umtykocin.pl\/inwestor\/wp-content\/uploads\/sites\/5\/2019\/06\/baner_1100x250px_1.jpg&#8221;][\/et_pb_slide][\/et_pb_slider][\/et_pb_column][\/et_pb_row][\/et_pb_section][et_pb_section fb_built=&#8221;1&#8243; admin_label=&#8221;Sekcja g\u0142\u00f3wna&#8221; module_class=&#8221;high-contrast&#8221; _builder_version=&#8221;3.26.1&#8243; collapsed=&#8221;off&#8221;][et_pb_row column_structure=&#8221;2_3,1_3&#8243; _builder_version=&#8221;3.25.3&#8243;][et_pb_column type=&#8221;2_3&#8243; _builder_version=&#8221;3.25.3&#8243;][et_pb_text admin_label=&#8221;Przyk\u0142adowy nag\u0142\u00f3wek&#8221; _builder_version=&#8221;3.27.4&#8243; text_font=&#8221;Lato||||||||&#8221; text_font_size=&#8221;1.6em&#8221; text_line_height=&#8221;1.6em&#8221; header_font=&#8221;||||||||&#8221;] Przyk\u0142adowy nag\u0142\u00f3wek [\/et_pb_text][et_pb_divider color=&#8221;#f07d00&#8243; divider_weight=&#8221;3px&#8221; [&hellip;]<\/p>\n","protected":false},"author":1,"featured_media":0,"parent":0,"menu_order":0,"comment_status":"closed","ping_status":"closed","template":"","meta":{"_et_pb_use_builder":"on","_et_pb_old_content":"","_et_gb_content_width":"","cybocfi_hide_featured_image":"","footnotes":""},"class_list":["post-164","page","type-page","status-publish","hentry"],"_links":{"self":[{"href":"http:\/\/umtykocin.pl\/inwestor\/wp-json\/wp\/v2\/pages\/164","targetHints":{"allow":["GET"]}}],"collection":[{"href":"http:\/\/umtykocin.pl\/inwestor\/wp-json\/wp\/v2\/pages"}],"about":[{"href":"http:\/\/umtykocin.pl\/inwestor\/wp-json\/wp\/v2\/types\/page"}],"author":[{"embeddable":true,"href":"http:\/\/umtykocin.pl\/inwestor\/wp-json\/wp\/v2\/users\/1"}],"replies":[{"embeddable":true,"href":"http:\/\/umtykocin.pl\/inwestor\/wp-json\/wp\/v2\/comments?post=164"}],"version-history":[{"count":5,"href":"http:\/\/umtykocin.pl\/inwestor\/wp-json\/wp\/v2\/pages\/164\/revisions"}],"predecessor-version":[{"id":370,"href":"http:\/\/umtykocin.pl\/inwestor\/wp-json\/wp\/v2\/pages\/164\/revisions\/370"}],"wp:attachment":[{"href":"http:\/\/umtykocin.pl\/inwestor\/wp-json\/wp\/v2\/media?parent=164"}],"curies":[{"name":"wp","href":"https:\/\/api.w.org\/{rel}","templated":true}]}}

<p>[et_pb_section fb_built=&#8221;1&#8243; admin_label=&#8221;Pierwszy baner&#8221; module_class=&#8221;high-contrast&#8221; _builder_version=&#8221;3.26.1&#8243; custom_margin=&#8221;|||&#8221; custom_padding=&#8221;0px|0px||0px||&#8221; collapsed=&#8221;on&#8221;][et_pb_row _builder_version=&#8221;3.25.2&#8243; width=&#8221;100%&#8221; module_alignment=&#8221;center&#8221; custom_margin=&#8221;|0px||0px&#8221;][et_pb_column type=&#8221;4_4&#8243; _builder_version=&#8221;3.25.2&#8243; custom_padding=&#8221;0px|0px|0px|0px&#8221;][et_pb_slider show_arrows=&#8221;off&#8221; use_bg_overlay=&#8221;off&#8221; use_text_overlay=&#8221;off&#8221; dot_nav_custom_color=&#8221;#ae4682&#8243; admin_label=&#8221;Banery&#8221; _builder_version=&#8221;3.26.1&#8243; height=&#8221;250px&#8221; custom_margin=&#8221;|0px||0px&#8221; auto=&#8221;on&#8221;][et_pb_slide url_new_window=&#8221;on&#8221; _builder_version=&#8221;3.25.2&#8243; header_font=&#8221;||||||||&#8221; header_font_size=&#8221;30px&#8221; background_image=&#8221;http://umtykocin.pl/inwestor/wp-content/uploads/sites/5/2019/06/baner_1100x250px_2.jpg&#8221; custom_padding=&#8221;125px||&#8221;][/et_pb_slide][et_pb_slide _builder_version=&#8221;3.25.2&#8243; background_image=&#8221;http://umtykocin.pl/inwestor/wp-content/uploads/sites/5/2019/06/baner_1100x250px_1.jpg&#8221;][/et_pb_slide][/et_pb_slider][/et_pb_column][/et_pb_row][/et_pb_section][et_pb_section fb_built=&#8221;1&#8243; admin_label=&#8221;Sekcja główna&#8221; module_class=&#8221;high-contrast&#8221; _builder_version=&#8221;3.26.1&#8243; collapsed=&#8221;off&#8221;][et_pb_row column_structure=&#8221;2_3,1_3&#8243; _builder_version=&#8221;3.25.3&#8243;][et_pb_column type=&#8221;2_3&#8243; _builder_version=&#8221;3.25.3&#8243;][et_pb_text admin_label=&#8221;Przykładowy nagłówek&#8221; _builder_version=&#8221;3.27.4&#8243; text_font=&#8221;Lato||||||||&#8221; text_font_size=&#8221;1.6em&#8221; text_line_height=&#8221;1.6em&#8221; header_font=&#8221;||||||||&#8221;]</p>
<p style="text-align: center;"><strong>Przykładowy nagłówek</strong></p>
<p>[/et_pb_text][et_pb_divider color=&#8221;#f07d00&#8243; divider_weight=&#8221;3px&#8221; _builder_version=&#8221;3.26.1&#8243;][/et_pb_divider][et_pb_text admin_label=&#8221;Przykładowy tekst&#8221; _builder_version=&#8221;3.27.4&#8243; text_font=&#8221;Lato|300|||||||&#8221; text_font_size=&#8221;1.5em&#8221; text_line_height=&#8221;3em&#8221; text_orientation=&#8221;justify&#8221; text_text_align=&#8221;justify&#8221;]</p>
<p>Napis napisany przez napisanego pisarza.</p>
<p>[/et_pb_text][et_pb_divider color=&#8221;#f07d00&#8243; divider_weight=&#8221;3px&#8221; _builder_version=&#8221;3.26.1&#8243;][/et_pb_divider][/et_pb_column][et_pb_column type=&#8221;1_3&#8243; _builder_version=&#8221;3.25.2&#8243;][et_pb_sidebar orientation=&#8221;right&#8221; show_border=&#8221;off&#8221; _builder_version=&#8221;3.25.3&#8243; header_font=&#8221;|700|||||||&#8221; header_font_size=&#8221;1.4em&#8221; text_orientation=&#8221;left&#8221;][/et_pb_sidebar][/et_pb_column][/et_pb_row][/et_pb_section][et_pb_section fb_built=&#8221;1&#8243; admin_label=&#8221;Logówki partnerzy&#8221; module_class=&#8221;high-contrast&#8221; _builder_version=&#8221;3.26.1&#8243; custom_padding=&#8221;0px|||||&#8221; collapsed=&#8221;on&#8221;][et_pb_row _builder_version=&#8221;3.25.2&#8243; width=&#8221;100%&#8221;][et_pb_column type=&#8221;4_4&#8243; _builder_version=&#8221;3.25.2&#8243;][et_pb_code _builder_version=&#8221;3.25.2&#8243;]
		<style>
			#wpls-logo-showcase-slider-1 .wpls-fix-box,
			#wpls-logo-showcase-slider-1 .wpls-fix-box img.wp-post-image{max-height:250px; }
		</style>

		<div class="wpls-wrap wpls-logo-showcase-slider-wrp wpls-logo-clearfix wpls-design-1 " data-conf="{&quot;slides_column&quot;:&quot;4&quot;,&quot;slides_scroll&quot;:1,&quot;dots&quot;:&quot;false&quot;,&quot;arrows&quot;:&quot;false&quot;,&quot;autoplay&quot;:&quot;true&quot;,&quot;autoplay_interval&quot;:&quot;2000&quot;,&quot;loop&quot;:&quot;true&quot;,&quot;rtl&quot;:&quot;false&quot;,&quot;speed&quot;:800,&quot;center_mode&quot;:&quot;false&quot;,&quot;lazyload&quot;:&quot;&quot;}">
			<div class="wpls-logo-showcase logo_showcase wpls-logo-slider  sliderimage_hide_border wpls-dots-false" id="wpls-logo-showcase-slider-1" >
				<div class="wpls-logo-cnt">
	<div class="wpls-fix-box">
				<a href="https://www.bialystok.uw.gov.pl/Wojewoda" target="_self">
			<img decoding="async" class="wp-post-image"  src="http://umtykocin.pl/inwestor/wp-content/uploads/sites/5/2019/06/logo_wojewoda_podlaski.jpg" alt="Grafika przedstawia zieloną kreskę oraz brązowego żubra" />
		</a>
			</div>
	</div><div class="wpls-logo-cnt">
	<div class="wpls-fix-box">
				<a href="http://www.powiatbialostocki.pl/" target="_self">
			<img decoding="async" class="wp-post-image"  src="http://umtykocin.pl/inwestor/wp-content/uploads/sites/5/2019/06/logo_powiat_bialostocki.jpg" alt="Grafika godło w kolorze czerwonym i pomarańczowym. Na czerwonym tle widnieje biały orzeł. Na pomarańczowym tle widzimy łosia" />
		</a>
			</div>
	</div><div class="wpls-logo-cnt">
	<div class="wpls-fix-box">
				<a href="https://www.facebook.com/wojpodlaskie/" target="_self">
			<img decoding="async" class="wp-post-image"  src="http://umtykocin.pl/inwestor/wp-content/uploads/sites/5/2019/06/logo_wrota_podlasia.jpg" alt="Grafika przedstawia napis Wrota Podlasia oraz żubra wykonanego z różnokolorowych pikseli." />
		</a>
			</div>
	</div><div class="wpls-logo-cnt">
	<div class="wpls-fix-box">
				<a href="http://greenvelo.pl/" target="_self">
			<img decoding="async" class="wp-post-image"  src="http://umtykocin.pl/inwestor/wp-content/uploads/sites/5/2019/06/logo_green_velo.jpg" alt="Grafika przedstawia logo Green Velo. Logo składa się z napisu Green Velo oraz łańcucha rowerowego w różnych kolorach" />
		</a>
			</div>
	</div><div class="wpls-logo-cnt">
	<div class="wpls-fix-box">
				<a href="https://epuap.gov.pl/" target="_self">
			<img decoding="async" class="wp-post-image"  src="http://umtykocin.pl/inwestor/wp-content/uploads/sites/5/2019/06/logo_epuap.jpg" alt="Grafika przedstawia niebieski napis ePUAP" />
		</a>
			</div>
	</div><div class="wpls-logo-cnt">
	<div class="wpls-fix-box">
				<img decoding="async" class="wp-post-image"  src="http://umtykocin.pl/inwestor/wp-content/uploads/sites/5/2019/06/logo_burmistrz_tykocina.jpg" alt="Grafika przedstawia napis Burmistrz Tykocina oraz podobiznę byka." />
			</div>
	</div>			</div>
		</div>

		[/et_pb_code][/et_pb_column][/et_pb_row][/et_pb_section]</p>

<p>[et_pb_section fb_built=&#8221;1&#8243; admin_label=&#8221;Pierwszy baner&#8221; module_class=&#8221;high-contrast&#8221; _builder_version=&#8221;3.26.1&#8243; custom_margin=&#8221;|||&#8221; custom_padding=&#8221;0px|0px||0px||&#8221; collapsed=&#8221;on&#8221;][et_pb_row _builder_version=&#8221;3.25.2&#8243; width=&#8221;100%&#8221; module_alignment=&#8221;center&#8221; custom_margin=&#8221;|0px||0px&#8221;][et_pb_column type=&#8221;4_4&#8243; _builder_version=&#8221;3.25.2&#8243; custom_padding=&#8221;0px|0px|0px|0px&#8221;][et_pb_slider show_arrows=&#8221;off&#8221; use_bg_overlay=&#8221;off&#8221; use_text_overlay=&#8221;off&#8221; dot_nav_custom_color=&#8221;#ae4682&#8243; admin_label=&#8221;Banery&#8221; _builder_version=&#8221;3.26.1&#8243; height=&#8221;250px&#8221; custom_margin=&#8221;|0px||0px&#8221; auto=&#8221;on&#8221;][et_pb_slide url_new_window=&#8221;on&#8221; _builder_version=&#8221;3.25.2&#8243; header_font=&#8221;||||||||&#8221; header_font_size=&#8221;30px&#8221; background_image=&#8221;http://umtykocin.pl/inwestor/wp-content/uploads/sites/5/2019/06/baner_1100x250px_2.jpg&#8221; custom_padding=&#8221;125px||&#8221;][/et_pb_slide][et_pb_slide _builder_version=&#8221;3.25.2&#8243; background_image=&#8221;http://umtykocin.pl/inwestor/wp-content/uploads/sites/5/2019/06/baner_1100x250px_1.jpg&#8221;][/et_pb_slide][/et_pb_slider][/et_pb_column][/et_pb_row][/et_pb_section][et_pb_section fb_built=&#8221;1&#8243; admin_label=&#8221;Sekcja główna&#8221; module_class=&#8221;high-contrast&#8221; _builder_version=&#8221;3.26.1&#8243; collapsed=&#8221;off&#8221;][et_pb_row column_structure=&#8221;2_3,1_3&#8243; _builder_version=&#8221;3.25.3&#8243;][et_pb_column type=&#8221;2_3&#8243; _builder_version=&#8221;3.25.3&#8243;][et_pb_text admin_label=&#8221;Przykładowy nagłówek&#8221; _builder_version=&#8221;3.27.4&#8243; text_font=&#8221;Lato||||||||&#8221; text_font_size=&#8221;1.6em&#8221; text_line_height=&#8221;1.6em&#8221; header_font=&#8221;||||||||&#8221;] Przykładowy nagłówek [/et_pb_text][et_pb_divider color=&#8221;#f07d00&#8243; divider_weight=&#8221;3px&#8221; [&hellip;]</p>
